- 1. Suppose 0*h = 5*h + 20, -u - 7 = 2*h. Give p(u).
10
Let n(q) = q + 10. Suppose b + 2*d = -4*b - 28, -23 = 3*b - 5*d. Let m be n(b). Let z(l) = -l**3 + 5*l**2 - 3*l + 5. Give z(m).
9
Let r(h) = 8 + 0*h**2 - 8*h - 5 - h**2. Let f be r(-8). Let d(b) = -3*b + 3*b - 3 - 2*b + b**2 - 1. What is d(f)?
-1
Let p(z) = z**2 - 3*z + 2 - 2. Let w(m) = -2*m**2 + 11*m - 10. Let v be w(4). Calculate p(v).
-2
Let g(v) = 2*v - 1. Let l = 118 - 117. Calculate g(l).
1
Let l be -2 + 12 + (1 - 4). Let i(j) = l*j - 2*j**2 - 2*j + j + j**2. Give i(6).
0
Let q(b) be the second derivative of -b**5/20 - b**4/4 + b**3/2 + b**2/2 + 7*b. Determine q(-3).
-8
Let j(c) = -c - 3. Let d(r) = -2*r - 2. Let y be d(-2). Suppose -y*g = -g + 5. Give j(g).
2
Let g be (-20)/3 + 6/9. Let t(q) = -1 - 4 - 3 - q. Let d be t(g). Let z(a) = 2*a**2 + a. Give z(d).
6
Let b be 12 + -9 - (2 + 0). Let u(c) = -2 - 5 + b + 7 + 3*c. Determine u(-2).
-5
Let z(b) = 4*b**2 - 5*b - b - 3*b**2. Let d be 1 - (0 - (3 + 4)). Suppose d - 23 = -3*k. What is z(k)?
-5
Let a(d) = -5*d - 2. Let c(s) = 7*s + 1. Let t(r) = 3*a(r) + 2*c(r). What is t(-5)?
1
Let i(x) = -x. Let z = -74 + 74. Determine i(z).
0
Suppose 24 = 4*f + 4*j, -3*j = 5*f - 7*j + 6. Let z(k) = 3*k**2 + k - 4 + 4*k**3 - 3*k**3 + k**f. Let o be (-7)/2 + 1/(-2). Determine z(o).
-8
Let g(p) = 28*p**3 + 7*p**2 + 7*p + 10. Let v(o) = -2*o**3 + 0*o - 5*o**2 - 7 - 5*o + 0*o - 17*o**3. Let l(c) = -5*g(c) - 7*v(c). Determine l(-1).
6
Let o(y) be the second derivative of y**5/20 + y**4/6 - y**3/3 - y**2 - 11*y. Determine o(-3).
-5
Let v(f) = f. Let x be 69/3 - (-1 + 0). Let y be x/14 + (-4)/(-14). Determine v(y).
2
Let m(p) = 3*p + 2. Let o be m(2). Let l(t) = t - 3. What is l(o)?
5
Let a(q) = q + 8. Let x(b) = -2*b**2 - b - 2. Let i(v) = -v**2 + v + 1. Let g(n) = -3*i(n) + x(n). Let p be g(5). Calculate a(p).
8
Let p(z) = 4*z + 2. Suppose 0 = 5*v - 3*v + 4*x, 3*v + 3*x - 9 = 0. Suppose q - v*q - 14 = 2*l, 12 = -q - 5*l. Give p(q).
-6
Let s(l) = -2*l**2 - 4*l + 54 + 7*l**2 - l**3 + 48 - 101. What is s(3)?
7
Let a(l) = l**2 - 4*l - 4. Suppose 3*b - 25 + 10 = 0. Suppose -7*k = -2*k + b*t - 35, t + 3 = k. Determine a(k).
1
Let d(j) = -2*j - 5. Suppose -4*f - 14 = 2. Let p be d(f). Let l(a) be the first derivative of a**2 + 2*a + 2. What is l(p)?
8
Let p = -38 - -34. Let s(i) be the first derivative of -i**3/3 - 5*i**2/2 - i - 1. Determine s(p).
3
Let a(t) = t**3 + 7*t**2 - 9*t - 3. Let g be a(-8). Suppose g*b = -5 - 15. Let j(r) = r**2 + 5*r + 2. What is j(b)?
-2
Let n(w) = w**2 - w + 1. Suppose k + 43 = 3*z, 0 = 5*z + 4*k - 107 + 24. Let i = z + -11. Let a = -2 + i. Calculate n(a).
3
Let x(j) be the second derivative of 0 - 1/3*j**3 + 1/8*j**4 + 2*j + 0*j**2 - 1/60*j**5. Let v(w) be the second derivative of x(w). What is v(3)?
-3
Suppose -3*v = -4*v - 6. Let w be 2 - -2*(-3)/v. Let o(p) = 1 - w + 8*p + 3. What is o(-1)?
-7
Let l(x) = -x**2 + 7*x + 2. Let r be l(7). Let q(n) = -1 - 8*n**r + 0 - 2*n + n**2. Let t = 0 - 1. Give q(t).
-6
Let y(o) be the third derivative of -o**5/60 + o**4/8 + o**3/6 + 10*o**2. What is y(3)?
1
Suppose -3*x = x - 5*h - 180, 3*x + 4*h = 104. Suppose 5*a + x = 10. Let m(p) = 5*p - 6 + p**2 - 8*p**2 + p**2 + 7*p**2. Determine m(a).
0
Let p(d) = -4*d + 5. Let s = 22 - 16. Calculate p(s).
-19
Suppose -4 = -2*b - 2*b - 2*q, -6 = 2*b + 5*q. Let y(c) = -4 + 5*c - 6*c**2 + 10*c**b - 3*c**2 + 5. Calculate y(-4).
-3
Let m(k) be the second derivative of -k**3/6 + k**2/2 - k. Let q(d) = 5*d - 3. Let v(i) = -4*m(i) - q(i). Give v(5).
-6
Let q(m) = 5*m**2 + 1. Let s(r) = -3*r**2. Let a(p) = 4*q(p) + 7*s(p). Determine a(-3).
-5
Let k(g) = g + 2. Let m(z) = z + 7. Let u be m(-7). Let v be k(u). Let h(n) = -3*n - 1. Determine h(v).
-7
Let h(d) be the first derivative of -5 - 2*d - 4*d**2 - 1/3*d**3. Give h(-6).
10
Let d(o) = -o**2 - 1. Let a(p) = -3 - 2*p**2 + 0*p**2 + 4*p**2. Suppose -2*s = -s - 1. Let w(h) = s*a(h) + d(h). Determine w(3).
5
Let v(d) = -d**2 - 3*d - 3. Let z be v(-2). Let i(u) = -u**3 + u**2. What is i(z)?
2
Let u(t) = t**2 - 6 + 0*t + 4 - t - 2*t. What is u(3)?
-2
Let u(k) be the first derivative of 4*k**3/3 + k**2/2 + 1. Let o be 3 + -5 + 7 + 1. Let h be o/10 + 16/(-10). What is u(h)?
3
Let h be (0 + 0 - 1)/(-1). Let q(s) be the second derivative of -s**5/20 + s**4/4 - s**3/6 - 9*s. Determine q(h).
1
Let s(j) be the second derivative of -j**4/24 - j**3/3 - j**2/2 + j. Let b(d) be the first derivative of s(d). Suppose 0 = -0*q + 6*q. What is b(q)?
-2
Let s(h) = h**2 + h - 1. Let f(q) = 4*q**2 + 11*q - 1. Let j(m) = -f(m) + 3*s(m). Calculate j(-7).
5
Let n(b) = 2*b - 2. Suppose -k - 5*l = 7, 5*k + 5 = 5*l - 0. Determine n(k).
-6
Let j(x) be the second derivative of x**4/4 - x**3/6 + x**2/2 - 35*x. What is j(3)?
25
Let r(c) be the second derivative of c**4/12 - 5*c**3/6 - c**2/2 - 7*c. Calculate r(4).
-5
Suppose 0 = 6*z - 140 + 38. Let r(w) = 2*w**2 + 7*w + 2*w + 6*w - 1 - z*w. Let l be 8/(-6)*(-3)/2. Determine r(l).
3
Suppose 0 = h + 2 + 1. Let d(n) = -2*n**2 + 5*n - 4. Let g(i) = 2*i**2 - 6*i + 4. Let t(f) = h*d(f) - 2*g(f). Determine t(3).
13
Let p(b) = -1 + b + b - 7*b. Suppose 0 = 3*x + 3. Determine p(x).
4
Let x(c) be the third derivative of c**5/60 + c**4/12 - 2*c**2. Let s(p) = 3*p - 1. Let j be s(-1). What is x(j)?
8
Let k = -28 - -57/2. Let g(h) be the first derivative of k*h**2 + 1/3*h**3 - 1 - 3*h. Calculate g(-3).
3
Let u(m) = -m**2 + 1. Let o(s) = -2*s**2 + 2*s + 1. Let n(y) = -o(y) + u(y). Calculate n(3).
3
Let m be ((-1)/1)/((-2)/8). Let j(v) = -3*v**2 + 1. Let x(t) = -2*t**2 - t. Let f(l) = -4*j(l) + 5*x(l). What is f(m)?
8
Let t(m) = 4*m**3 - m**2 + 1. Let g(h) = 6*h. Let d be g(1). Let u be ((-3)/(-9))/((-2)/d). Let a be (u - 1) + -3 + 4. Calculate t(a).
-4
Suppose 2*d = w, 2*w - d - 8 - 1 = 0. Let o(h) = h**2 - 5*h - 6. Calculate o(w).
0
Let o(p) be the third derivative of -p**5/10 + p**4/8 - p**3/2 - 17*p**2. Calculate o(2).
-21
Let m(s) = -2*s**2 + 4*s + 4. Let v be (4/5)/((-1)/(-5)). Determine m(v).
-12
Let v(r) be the first derivative of r**6/72 + r**5/120 + r**4/24 - r**3/3 + 4. Let o(m) be the third derivative of v(m). What is o(-1)?
5
Let u(z) = 9*z**2 - 9*z**2 + 2*z**2 - 4*z**2 - 2*z**3. Give u(-2).
8
Let d(r) be the second derivative of -r**5/20 + r**4/3 + 5*r**3/6 + 2*r**2 - 5*r. Calculate d(5).
4
Let a(y) = 4*y. Let q be a(1). Let t(z) = 5*z - 4 + q*z - 3*z + 0*z - z**2. Calculate t(5).
1
Let d(b) be the first derivative of -11*b - 3 + 1/2*b**2. Determine d(5).
-6
Let p(s) = s**3 - 13*s**2 - 10. Let i(c) = 3*c**2 + 14*c + 8. Let f be i(-5). What is p(f)?
-10
Let d(y) = y**2 - 71 - 2*y + 74 + 6*y. What is d(-4)?
3
Suppose 2*j = -2*g + 4, 0*g = -2*j - 4*g + 4. Let l(a) = 4*a + 8. Let p(h) = h + 3. Let b(u) = l(u) - 2*p(u). Determine b(j).
6
Let c be (-40)/6 - (-1)/(-3). Let b(m) = -m**3 - 8*m**2 - 6*m + 10. Let q be b(c). Let f(k) = 4*k - 3. Give f(q).
9
Let w = -1 + 3. Let i be 95/35 - (-2)/7. Let r(p) = -3*p - 3*p**2 + 3 + 2*p + 2*p**i - 6 + 4*p. Determine r(w).
7
Let p(g) be the second derivative of -g**7/840 + g**6/90 - g**4/12 + 2*g**3/3 + 4*g. Let l(r) be the second derivative of p(r). What is l(2)?
6
Let r(t) be the first derivative of -1/2*t**2 + 3*t - 4. Determine r(4).
-1
Suppose -10 = -5*r + 4*n, 0 = -4*r + 4*n - 0*n + 12. Let v(p) = -2 + 6*p - 9*p - 3*p**2 + 2. Calculate v(r).
-6
Let k(x) = 7*x**2 + 2*x + 1. Let i(p) = 6*p**2 + 2*p + 1. Let f(j) = -6*i(j) + 5*k(j). What is f(-4)?
-9
Let m be (18/(-12))/(6/(-8)). Suppose 0 = y - 3*y - m*k + 10, 0 = 2*y - 3*k. Let x be y/(3/(-2 + -1)). Let q(c) = -c + 2. What is q(x)?
5
Suppose o - 3 = -2*o. Let q = 4 - o. Suppose -4*v = x + 16, -x - 1 = -5*x - q*v. Let b(m) = m - 2. What is b(x)?
2
Let m(i) = -5*i - 6*i**2 + 4*i**2 - i**3 - 7*i**2 - 3*i. Calculate m(-8).
0
Suppose -20 = 8*w - 4*w. Let g(y) = -y - 1. Give g(w).
4
Let k(t) = -4*t + 3*t - t - 1 - 5*t**2. Suppose 4*o = o. Suppose 0 = -o*y + y + 1. What is k(y)?
-4
Let q(r) = -r**3 + 5*r**2 - 5. Let b = 18 - 13. Suppose f - 5 = -2*n, -n = -3*f + 10 + b. What is q(f)?
-5
Let m(c) be the first derivative of -c**3/3 - c**2 - 2*c + 69. What is m(-3)?
-5
Let y(a) = 5*a**3 + 19*a**2 - 41*a - 15. Let g(x) = x**3 + 4*x**2 - 8*x - 3. Let f(r) = 11*g(r) - 2*y(r). Calculate f(-7).
-10
Suppose -3*s 